{"id":211,"date":"2026-02-05T22:38:37","date_gmt":"2026-02-05T22:38:37","guid":{"rendered":"https:\/\/plasticosjalmex.mx\/?post_type=product&#038;p=211"},"modified":"2026-02-16T00:16:56","modified_gmt":"2026-02-16T00:16:56","slug":"bio-1000-ml-r45-blanco","status":"publish","type":"product","link":"https:\/\/plasticosjalmex.mx\/index.php\/producto\/bio-1000-ml-r45-blanco\/","title":{"rendered":"Bio 1000 ml R45 Blanco"},"content":{"rendered":"<p><strong>Envase ecol\u00f3gico de gran capacidad  <\/strong><\/p>\n<p>Forma dise\u00f1ada para manos grandes y peque\u00f1as, f\u00e1cil de manipular incluso llena. Ideal para un flujo perfecto, sin derrames ni atascos.<br \/>\nBase antiderrame: Estabilidad total en mesas, estantes y l\u00edneas de producci\u00f3n. La relaci\u00f3n capacidad-precio m\u00e1s competitiva del mercado gracias a su forma ergon\u00f3mica que maximiza el espacio en palets y estanter\u00edas.<br \/>\nDise\u00f1o estable que permite almacenaje seguro y ordenado. Experiencia de uso premium. <\/p>\n","protected":false},"excerpt":{"rendered":"<p><strong>Envase ecol\u00f3gico de gran capacidad  <\/strong><\/p>\n<p>Forma dise\u00f1ada para manos grandes y peque\u00f1as, f\u00e1cil de manipular incluso llena. Ideal para un flujo perfecto, sin derrames ni atascos.<br \/>\nBase antiderrame: Estabilidad total en mesas, estantes y l\u00edneas de producci\u00f3n. La relaci\u00f3n capacidad-precio m\u00e1s competitiva del mercado gracias a su forma ergon\u00f3mica que maximiza el espacio en palets y estanter\u00edas.<br \/>\nDise\u00f1o estable que permite almacenaje seguro y ordenado. Experiencia de uso premium. <\/p>\n","protected":false},"featured_media":342,"comment_status":"open","ping_status":"closed","template":"","meta":[],"product_brand":[],"product_cat":[29],"product_tag":[],"class_list":{"0":"post-211","1":"product","2":"type-product","3":"status-publish","4":"has-post-thumbnail","6":"product_cat-naturismo-2","8":"first","9":"instock","10":"shipping-taxable","11":"product-type-simple"},"jetpack_sharing_enabled":true,"_links":{"self":[{"href":"https:\/\/plasticosjalmex.mx\/index.php\/wp-json\/wp\/v2\/product\/211","targetHints":{"allow":["GET"]}}],"collection":[{"href":"https:\/\/plasticosjalmex.mx\/index.php\/wp-json\/wp\/v2\/product"}],"about":[{"href":"https:\/\/plasticosjalmex.mx\/index.php\/wp-json\/wp\/v2\/types\/product"}],"replies":[{"embeddable":true,"href":"https:\/\/plasticosjalmex.mx\/index.php\/wp-json\/wp\/v2\/comments?post=211"}],"wp:featuredmedia":[{"embeddable":true,"href":"https:\/\/plasticosjalmex.mx\/index.php\/wp-json\/wp\/v2\/media\/342"}],"wp:attachment":[{"href":"https:\/\/plasticosjalmex.mx\/index.php\/wp-json\/wp\/v2\/media?parent=211"}],"wp:term":[{"taxonomy":"product_brand","embeddable":true,"href":"https:\/\/plasticosjalmex.mx\/index.php\/wp-json\/wp\/v2\/product_brand?post=211"},{"taxonomy":"product_cat","embeddable":true,"href":"https:\/\/plasticosjalmex.mx\/index.php\/wp-json\/wp\/v2\/product_cat?post=211"},{"taxonomy":"product_tag","embeddable":true,"href":"https:\/\/plasticosjalmex.mx\/index.php\/wp-json\/wp\/v2\/product_tag?post=211"}],"curies":[{"name":"wp","href":"https:\/\/api.w.org\/{rel}","templated":true}]}}